
2
Let b(f) = -213*f - 77. What is b(-2)?
349
Let r(u) = -2*u**3 + 30*u**2 - 17*u + 245. Give r(15).
-10
Let y(k) = k**2 + 13*k - 111. What is y(-23)?
119
Let n(o) = -5*o**2 - 325*o - 3575. What is n(-51)?
-5
Let b(t) = -2*t**3 + 7*t**2 + 22*t - 77. Calculate b(4).
-5
Let l(j) = -406*j - 34. Determine l(1).
-440
Let y(k) = -k**2 + 24*k + 149. Calculate y(29).
4
Let a(r) = -3*r**2 + 1331*r + 8086. Calculate a(-6).
-8
Let d(x) = -x**3 + 11*x**2 + 30*x - 19. Determine d(15).
-469
Let m(y) = -y**3 - 24*y**2 - 44*y - 1. Determine m(-22).
-1
Let g(s) = 2*s**2 + 958*s + 10271. Calculate g(-11).
-25
Let l(k) = -k**3 + 5*k**2 + 76*k + 68. What is l(-6)?
8
Let l(p) = 17*p - 202. What is l(0)?
-202
Let a(c) = 7*c**3 + 333*c + 332. Determine a(-1).
-8
Let y(s) = -2*s**3 + 12*s**2 + 40*s - 224. Calculate y(6).
16
Let m(u) = u**3 - 45*u**2 - 43*u - 26. Give m(46).
112
Let s(u) = 1183*u**3 + 5*u**2 + 29*u + 25. Determine s(-1).
-1182
Let o(q) = -2*q**2 - 35*q + 81. What is o(-20)?
-19
Let f(g) = g**3 - g**2 - 785*g - 9. Give f(0).
-9
Let o(n) = n**3 + 14*n**2 + 47*n - 41. Give o(-12).
-317
Let g(d) = 90*d + 85. What is g(-3)?
-185
Let p(i) = -410*i**3 - 18*i**2 + 19*i - 1. Calculate p(1).
-410
Let u(l) = -3*l - 343. Give u(0).
-343
Let r(w) = 2*w**3 - 20*w**2 - 156*w - 572. What is r(16)?
4
Let h(q) = -q**3 - 42*q**2 + 160*q + 5022. Calculate h(-43).
-9
Let z(h) = h**2 - 30*h + 327. What is z(11)?
118
Let z(w) = -3*w**3 + 22*w**2 - 8*w + 4. Calculate z(7).
-3
Let o(r) = -54*r - 1794. Give o(-33).
-12
Let x(a) = a**2 - 71*a + 84. What is x(0)?
84
Let c(s) = -28*s**2 - 269*s - 269. What is c(-1)?
-28
Let q(k) = -94*k - 294. What is q(6)?
-858
Let t(g) = g**2 - 87*g + 1768. Determine t(54).
-14
Let z(q) = 1870*q - 18. What is z(0)?
-18
Let o(d) = -70*d - 4692. Determine o(-68).
68
Let k(c) = -127*c**3 + 7*c**2 + 4*c + 1. Give k(-1).
131
Let p(f) = -f**3 + 26*f + 30. Give p(-4).
-10
Let v(i) = -i**2 + 210*i - 6407. Calculate v(173).
-6
Let w(c) = 893*c + 1758. What is w(-2)?
-28
Let n(b) = b**2 + 556*b - 8584. What is n(15)?
-19
Let i(l) = -1587*l + 39667. What is i(25)?
-8
Let g(x) = -2*x**3 - x**2 - x + 27. Determine g(0).
27
Let o(n) = n**2 - 995*n - 7062. Determine o(-7).
-48
Let g(c) = -29*c + 819. What is g(28)?
7
Let d(o) = -726*o**2 + 2908*o - 9. What is d(4)?
7
Let k(l) = 29*l - 545. Determine k(16).
-81
Let v(s) = 207*s - 3275. What is v(15)?
-170
Let g(v) = v**2 - 99*v - 129. Determine g(100).
-29
Let p(a) = 27*a + 1066. Determine p(-38).
40
Let j(r) = -1083*r + 1103. Give j(1).
20
Let d(u) = -2*u**2 - 38*u - 100. Determine d(-16).
-4
Let r(u) = -u**3 + 50*u**2 + 177*u + 2134. What is r(54)?
28
Let f(k) = 32*k**2 + 16*k + 20. What is f(-2)?
116
Let p(m) = 34*m - 3504. What is p(103)?
-2
Let p(b) = b**2 + 107*b - 1312. Give p(-118).
-14
Let s(w) = -2*w**2 - 76*w - 5. Calculate s(-38).
-5
Let v(r) = 146*r + 4396. What is v(-30)?
16
Let k(l) = -908*l - 207. Determine k(-1).
701
Let p(z) = z**3 + 8*z**2 - 239*z - 15. What is p(12)?
-3
Let k(j) = -6*j**3 + 28*j**2 + 6*j + 15. Give k(5).
-5
Let m(k) = k**3 + 9*k**2 + 15*k + 18. Determine m(-7).
11
Let p(y) = -37*y**3 - 14*y**2 + 14*y - 1. What is p(1)?
-38
Let o(d) = 6*d**2 + 66*d + 9. Give o(-12).
81
Let y(o) = 4986*o + 5009. What is y(-1)?
23
Let x(u) = -75*u + 232. Give x(3).
7
Let r(i) = -6*i**2 - 134*i - 372. Give r(-19).
8
Let t(d) = -d**2 + 295*d + 11905. Calculate t(-36).
-11
Let v(t) = -40*t + 158. Give v(5).
-42
Let g(y) = -8*y + 242. Determine g(22).
66
Let i(r) = -3*r**2 + 166*r + 119. What is i(56)?
7
Let g(b) = 986*b - 12947. What is g(13)?
-129
Let t(g) = -2*g**3 + 7*g**2 + 47*g - 226. Calculate t(4).
-54
Let i(t) = 3*t**3 + 24*t**2 + 22*t - 14. Determine i(-7).
-21
Let q(c) = -6*c**2 - 65*c + 16. What is q(-11)?
5
Let f(m) = -4*m**2 - 7*m + 11. Calculate f(-2).
9
Let l(h) = -6*h**3 + 149*h**2 + 43*h - 455. Determine l(25).
-5
Let w(i) = -36*i**2 - 755*i + 18. Determine w(-21).
-3
Let f(y) = 95*y - 458. Determine f(5).
17
Let j(g) = g**2 - 40*g + 431. Calculate j(20).
31
Let t(r) = -84*r**3 + 1175*r**2 + 17*r + 13. Calculate t(14).
55
Let w(z) = z**3 + 30*z**2 + 104*z + 67. Determine w(-27).
-554
Let c(u) = -4*u + 263. What is c(5)?
243
Let u(s) = 25*s + 63. Give u(-7).
-112
Let n(o) = o**2 - 20*o - 183. What is n(15)?
-258
Let k(d) = -73*d - 26. Calculate k(3).
-245
Let z(s) = 13*s - 31. Give z(-1).
-44
Let a(f) = -3333*f - 30064. Determine a(-9).
-67
Let f(c) = c**2 - 29*c - 13. Calculate f(12).
-217
Let g(o) = 267*o - 8544. Calculate g(32).
0
Let m(y) = -y**3 - 45*y**2 + 101*y + 132. Determine m(-47).
-197
Let q(p) = p**3 + 34*p**2 - 29*p + 14. Give q(0).
14
Let s(l) = -l**3 - 109*l**2 - 1708*l - 20. Give s(-19).
-58
Let y(a) = -a**2 - 43*a - 194. Calculate y(-43).
-194
Let y(d) = d**2 + 27*d + 128. What is y(-6)?
2
Let h(w) = 2*w**3 + 44*w**2 + 95*w + 275. What is h(-20)?
-25
Let u(z) = -z**3 + 16*z**2 - 48*z - 69. Calculate u(11).
8
Let t(v) = -2*v**3 + 25*v**2 - 10*v + 2. Give t(12).
26
Let f(x) = -2158*x - 15107. Calculate f(-7).
-1
Let s(g) = 14*g**3 + 363*g**2 - 29*g - 10. Determine s(-26).
68
Let j(k) = -72*k - 2917. What is j(-43)?
179
Let n(f) = -f**2 - 19676*f + 196861. Give n(10).
1
Let w(l) = -l**3 + 37*l**2 - 135*l + 19. Calculate w(4).
7
Let s(l) = l**2 - 5*l - 155. Determine s(-10).
-5
Let p(m) = -3*m**2 - 949*m - 59568. What is p(-230)?
2
Let v(z) = z**2 - 88*z - 463. Give v(-5).
2
Let d(h) = -8*h**2 + 124*h - 39. What is d(15)?
21
Let r(d) = -4*d**2 - 355*d - 1367. Determine r(-4).
-11
Let f(l) = -l**3 - 4*l**2 + 38*l - 56. Give f(2).
-4
Let f(z) = 28*z**3 - 447*z**2 - 16*z - 12. Determine f(16).
-12
Let q(m) = m**3 + 3*m**2 - 111*m - 189. Give q(10).
1
Let y(k) = k**3 - 3*k**2 + 4*k - 214. Calculate y(7).
10
Let c(y) = 2*y**3 - 19*y**2 - 27*y - 65. Determine c(11).
1
Let s(x) = 23*x + 141. Give s(-5).
26
Let d(j) = 2768*j - 41511. Give d(15).
9
Let p(q) = q**2 - 297*q + 2097. Determine p(7).
67
Let d(p) = -24*p**3 + 15*p**2 + 69*p - 67. What is d(1)?
-7
Let r(q) = -22*q**2 + 72*q + 194. Determine r(-2).
-38
Let k(p) = -4*p**2 - 8*p + 1. Give k(2).
-31
Let c(a) = 8*a**2 + 59*a + 18. Determine c(-7).
-3
Let d(f) = f**2 + 96*f + 2306. Determine d(-50).
6
Let h(n) = -n**3 - 28*n**2 - 29*n - 1695. What is h(-29)?
-13
Let r(d) = -49*d - 219. Determine r(7).
-562
Let r(l) = 277*l - 549. What is r(2)?
5
Let n(m) = -142*m**3 - 5*m + 6. What is n(1)?
-141
Let o(u) = -68*u + 227. Determine o(9).
-385
Let g(h) = -4*h**2 + 1479*h + 2966. Calculate g(-2).
-8
Let q(w) = w**3 - 57*w**2 + 441*w - 399. What is q(8)?
-7
Let b(q) = q**2 + 34*q - 1672. Determine b(28).
64
Let x(p) = p**3 - 16*p**2 + 547*p - 9587. What is x(17)?
1
Let v(a) = -a**2 - 180*a + 12058. What is v(-232)?
-6
Let p(x) = 13*x**2 - 82*x - 257. Determine p(-3).
106
Let q(n) = -5*n**3 - 2*n**2 - 82*n + 165. Determine q(2).
-47
Let u(q) = -34*q + 660. Determine u(18).
48
Let z(p) = -157*p - 481. Give z(-3).
-10
Let f(y) = -y**3 + 52*y**2 - 315*y - 5. Determine f(45).
-5
Let w(b) = b**3 - 39*b**2 - 40*b - 36. Calculate w(40).
-36
Let j(b) = -2*b**2 - 1141*b + 6914. What is j(6)?
-4
Let n(w) = w**3 - 16*w**2 + 58*w + 28. Give n(8).
-20
Let i(u) = 338*u - 21560. Determine i(64).
72
Let v(z) = -109*z + 144. Determine v(1).
35
Let t(x) = -60*x - 1982. Determine t(-33).
-2
Let p(o) = -2*o**2 - 34*o + 30. What is p(-15)?
90
Let o(l) = -3*l**2 + 296*l + 2016. Determine o(105).
21
Let b(f) = -9*f + 399. Determine b(63).
-168
Let g(o) = -o**2 + 21*o - 176. Give g(12).
-68
Let o(a) = -a**3 + 16*a**2 - 6*a - 5. Determine o(16).
-101
Let w(d) = d**3 + 13*d**2 - 15*d - 15. Give w(-14).
-1
Let g(u) = u**2 - 81*u + 2. Determine g(0).
2
Let b(d) = 6*d**2 + 83*d + 64. Calculate b(-13).
-1
Let o(u) = 487*u + 878. Determine o(-3).
-583
Let a(y) = -24*y + 277. Determine a(20).
-203
Let p(h) = -2*h - 19. Give p(-16).
13
Let a(f) = 12*f**2 + 292*f + 102. What is a(-24)?
6
Let a(y) = -24*y**2 - 384*y + 8. What is a(-16)?
8
Let q(f) = -4037*f + 40398. Determine q(10).
28
Let q(m) = -m**3 - 2*m**2 + 7*m + 3. Determine q(4).
-65
Let v(w) = -w**3 - 3*w**2 + 6*w + 24. What is v(-4)?
16
Let y(g) = 45*g + 165. Give y(9).
570
Let y(v) = 274*v - 1075. Give y(4).
21
Let v(h) = 7*h**2 + 295*h + 34. Determine v(-42).
-8
Let r(h) = -4455*h + 5. Calculate 